*j - 11. Let h(m) = n*x(m) - u(m). What is h(7)?
3
Suppose t - 3 = -2*t. Let b(i) = i + 4*i + 2 - t + 0*i. Determine b(1).
6
Suppose 13 = 4*j - 11. Let o(i) = 4*i + 7. Let l(a) = 5*a + 7. Let u(c) = j*o(c) - 5*l(c). Give u(5).
2
Let m(q) be the first derivative of -q**4/4 - 4*q**3/3 + 5*q**2/2 - q - 32. Determine m(-5).
-1
Let p(r) = -r**3 + r**2 - 9*r - 4. Let c(j) = j**3 - 2*j**2 + 8*j + 3. Let y(t) = 4*c(t) + 3*p(t). What is y(4)?
4
Let x be 26/4 + (-36)/24. Let g(n) = -2*n + n**2 - 3*n - n + 2*n + 1. Determine g(x).
6
Let z(c) = c**3 - 2*c**2 - 2*c + 1. Let a be 21 + -25 + (2 - (1 + -6)). Give z(a).
4
Let l(r) be the first derivative of -r**4/4 + r**3 + r**2/2 + r - 3. Calculate l(3).
4
Let q be ((-4)/3)/(3/(-9)). Let y(d) be the second derivative of 2*d**2 + 0 + 2*d - 1/6*d**3. What is y(q)?
0
Let j(a) be the third derivative of 0*a + 0 + 1/24*a**4 + 1/60*a**5 - a**3 - 3*a**2 - 1/120*a**6. Give j(0).
-6
Let l = 16 - 6. Suppose -4*o + l = -2*o. Let z(g) = 2*g - 7. Determine z(o).
3
Let s be -1*(-3)/(12/16). Let y be (-6)/s*(-8)/(-3). Let m(n) = n**2 + 3*n - 5. Calculate m(y).
-1
Let t(h) = h**3 - 7*h**2 + 7*h + 7. Let z = 15 + -9. Calculate t(z).
13
Let x(v) = v + 5. Suppose h = 4*h - 18. Let u(y) = y**2 - 6*y. Let l be u(h). Determine x(l).
5
Let s be (10 - 7)*(-1)/4*-8. Let z(q) = q**2 + 4*q + 8. Let w(u) = -5*u**2 - 16*u - 32. Let t(g) = 2*w(g) + 9*z(g). Calculate t(s).
-4
Let y(s) = -s. Let j(n) = n**2 - 4*n - 5. Let d be j(6). Give y(d).
-7
Suppose 3*d - 18 = -q - 0*d, d - 4 = 0. Let h(r) = r**3 - 5*r**2 - 5*r + 3. Determine h(q).
9
Suppose 3*r + 5*c + 14 = 0, 2*r - 3*r - c - 4 = 0. Let i(j) = 2*j**2 + 3*j + 2. Give i(r).
11
Let f(c) = -3*c + 5. Let j(m) = -m + 2. Let y(x) = 2*f(x) - 5*j(x). Give y(-7).
7
Let x(n) = -4*n + 55. Let r be x(13). Let w(o) be the second derivative of 0*o**4 + 1/2*o**2 - 1/6*o**r - 1/20*o**5 - o + 0. What is w(1)?
-1
Suppose -2*o + 2 = 6. Let f(c) = -c**3 - c**2 - 1. Let r(u) = -u**3 + 2*u - 3. Let b(h) = -3*f(h) + r(h). Determine b(o).
-8
Let n(h) = -h + 2*h - 1 + 3. Let c(t) = -t**3 + 6*t**2 + 7*t - 1. Let q be c(7). Let v be (6/9*-6)/q. Determine n(v).
6
Let m(x) = x + 4. Suppose 2*y + 1 = y. Let o(n) = -2*n**3 - 2*n - 1. Let g be o(y). Give m(g).
7
Let z be (3/5)/((-12)/(-30)). Let i(b) be the first derivative of 1 + 4/3*b**3 - z*b**2 - 1/4*b**4 - 2*b. Give i(3).
-2
Let g(l) = -l + 1. Let k(n) be the first derivative of -3*n**2/2 + 2*n - 2. Suppose 0 = 5*m + 5 - 15. Let b(x) = m*g(x) - k(x). Determine b(5).
5
Let g(u) be the third derivative of 0*u + 1/24*u**4 - 3/2*u**3 + 0 - 8*u**2. Calculate g(8).
-1
Let q(j) = -2*j + 3. Let w = -19 + 24. Calculate q(w).
-7
Let d be (4/(-10))/(-5 - (-492)/100). Let w(k) be the first derivative of 1/3*k**3 + 0*k**2 - 3*k - d. Calculate w(3).
6
Let y be (1/(-5))/(9/15 - 1). Let i(a) be the second derivative of 2*a**2 - 1/12*a**4 + 0 + y*a**3 - 4*a. Calculate i(4).
0
Suppose -13 = 6*t + 23. Let m(i) = -i + 3. Determine m(t).
9
Let v(b) = -b - 1. Let c be v(-3). Suppose 0 = -2*p - c. Let y(z) = -6*z. What is y(p)?
6
Suppose -2*a + 6 = k, 1 = -a - 2*k + 4. Let o(w) = w**3 - 2*w**2 - 5*w + 3. Calculate o(a).
-3
Let r(l) be the second derivative of l**5/120 + l**4/6 + l**3/2 - 3*l. Let b(p) be the second derivative of r(p). Give b(-6).
-2
Let h(f) be the third derivative of f**5/60 - f**4/12 - f**3/6 + 13*f**2. Suppose 5*c + 7 = 2. Calculate h(c).
2
Let n(m) = 6*m**3 + 1. Let z be n(1). Let u be (-42)/8 - z/(-28). Let h(w) = w**2 + 5*w - 5. What is h(u)?
-5
Let s(k) = 7*k - 1. Suppose 2*n = -2*q + n - 8, 0 = -3*q - n - 12. Let v be (-2 - (q + 3))/(-1). Calculate s(v).
6
Let b(w) = -w**2 + w - 1. Let r(p) = -3*p**2 - 5*p - 4. Let q(o) = -4*b(o) + r(o). Let v be q(9). Let l = -1 - v. Let y(u) = u**3 - 2*u - 1. Determine y(l).
0
Let f = 3 - 0. Let a be 7 - (-4)/2 - f. Let z(p) = p**3 - 7*p**2 + 8*p - 6. Calculate z(a).
6
Let z(v) be the first derivative of v - 3 + 2*v**2 + 1/3*v**3. Let y be z(-2). Let c(a) = -a**3 - 3*a**2 - 2*a - 3. Determine c(y).
3
Let r(v) = -2*v + 3. Suppose -4*o - 3 + 7 = 0. Let a(q) = 1. Let x(h) = o*r(h) - 2*a(h). Let d(l) = -l**3 + 4*l**2 + l - 7. Let j be d(4). Calculate x(j).
7
Suppose 11*z - 2*z - 54 = 0. Let v(o) = o**3 - 5*o**2 - 6*o + 6. Give v(z).
6
Let x(s) = 5 - s**3 - 9*s**2 + 26*s - 25*s + 1. Calculate x(-9).
-3
Let h(g) = -g - 1. Let x(n) = -8*n - 11. Let a(b) = -6*h(b) + x(b). Calculate a(-7).
9
Let t(s) be the third derivative of s**6/120 - s**5/20 - s**3/6 - 14*s**2. Calculate t(3).
-1
Let d = -208 - -210. Let r(q) = -3 + 0*q + q**2 - 2*q**2 + 4*q. What is r(d)?
1
Let x be -1 + 72/4 + -1. Let v = x - 11. Let p(c) = c**2 - 4*c + 1. Calculate p(v).
6
Let y(v) be the second derivative of v**4/12 - v**3/3 + v**2 - 8*v. Determine y(2).
2
Let t(p) = -p - 1. Let r = -10 - -20. Suppose -r = 4*g - 3*l - 1, -2*l = 4*g + 14. Give t(g).
2
Let s = 11 - 5. Let f be s*(0 + (-3)/(-6)). Let d(l) = -l**3 + 2*l**2 + 2*l + 1. What is d(f)?
-2
Suppose -105*f + 16 = -109*f. Let y(r) = -r**2 + 4*r - 1. Give y(f).
-33
Suppose -3 = 2*b + 5. Let q = b - -6. Let m(o) = -1 - 2*o + 3*o**2 + 0*o**2 - q*o**2. Determine m(-2).
7
Suppose 4*d + 0*d - 22 = 3*m, -4*d = -2*m - 20. Suppose d*z = 2 - 22. Let l(w) = w + 3. Give l(z).
-2
Let j(l) = l**2 - 2*l - 8. Let x(q) = -q + 5. Let z be x(5). Suppose z = -5*t - 11 + 41. Let s(v) = v**2 - 2*v - 7. Let r(o) = t*s(o) - 5*j(o). Determine r(3).
1
Let c(j) = j**3 - 7*j**2 + 8*j - 8. Let p be c(6). Let q be (-3 + -1)*(-6)/4. Let u(t) = t**2 + 0*t - 3*t + q - 2*t. Give u(p).
2
Let t(q) be the third derivative of -q**5/60 + q**4/3 - q**3 + 38*q**2. Calculate t(6).
6
Let i(v) be the second derivative of 2*v + 0 + 2*v**2 - 1/6*v**3. Give i(5).
-1
Let r(l) = l + 1. Let u(t) = t + 12. Let b(x) = -2*r(x) + u(x). What is b(6)?
4
Let d(l) = -2*l + 6. Let w(y) = 5*y - 13. Let m(s) = 14*d(s) + 6*w(s). Let o = -5 - -5. Let q(c) = c**2 - 5. Let r be q(o). Calculate m(r).
-4
Let j(c) = -c**3 - 6*c**2 - c - 3. Let w(s) = -2*s + 8. Let t be w(7). Give j(t).
3
Let q(d) be the first derivative of -d**4/4 - 8*d**3/3 + d**2 + 10*d - 43. Calculate q(-8).
-6
Let c = 1 + 3. Suppose c = 2*r - r. Let y(g) = -14*g**3 + 9*g**2 + 26*g + 2. Let x(n) = -5*n**3 + 3*n**2 + 9*n + 1. Let j(o) = 11*x(o) - 4*y(o). Calculate j(r).
-1
Suppose 0*x - u = -5*x + 10, -4*x = 2*u - 22. Let i(a) = 1 - 2*a**2 + 4*a + 35*a**3 - 3*a**2 - 34*a**3. Determine i(x).
-5
Let f(m) = -m**2 - 6*m + 2. Let c(y) = -6 + 2*y**2 - 9*y + 2 + 12*y + 8*y. Let g(z) = -3*c(z) - 5*f(z). Give g(-3).
2
Let o(m) = m**2 - 7*m + m**2 + 1 + 3*m. Give o(3).
7
Let h(w) = -w**3 + 2*w**2 + 4*w + 5. Let r(t) = -5*t. Let p be r(-3). Suppose 0 = 5*g + p, -2*k - 4*g + 4 = 2*k. Calculate h(k).
-11
Let u(w) = w**3 + 3*w**2 - 5*w - 2. Let z be (-32)/10 + (-8)/10. What is u(z)?
2
Let g be (-6)/15 + 102/30. Let k(r) = -r**2 - 2*r + 2. Calculate k(g).
-13
Let p be -2 + 4 + -1 + -2. Let b(x) = 6*x**3 - x**2 - 6. Let h(g) = -6*g**3 + g**2 + 5. Let a(r) = -6*b(r) - 7*h(r). Determine a(p).
-6
Let n = 4 + -4. Let q = 1 - n. Let p(l) = -l**3 - 2*l**2 + 1. Let g be p(q). Let y(x) = -3*x - 1. Calculate y(g).
5
Let m be 4 - 1 - (-4 + 13). Let a(o) = o**2 + 7*o + 2. Let g be a(m). Let p = 6 + g. Let h(r) = -r**3 + 2*r**2 - 2*r - 1. Determine h(p).
-5
Let z(y) = 4*y - 4*y + 5 - y. Give z(-5).
10
Let h = 54 - 37. Let p = h - 17. Let i(z) = z**3 + z**2 - z + 4. Calculate i(p).
4
Let w(p) = -p - 4. Let t(y) = -3*y + 75. Let z be t(24). What is w(z)?
-7
Let g(j) = j**3 - 5*j**2 + 1. Let x = -8 - -12. Suppose -5*t = x*h - 36, 0*t = t + 2*h - 12. Let w(k) = -6*k**2 + 1. Let a(p) = t*g(p) - 3*w(p). Give a(1).
3
Let u(c) be the second derivative of 7/2*c**2 + 0*c**4 - 3*c + 1/20*c**5 + 1/6*c**3 + 0. Let d be 1/3 + 2/(-6). What is u(d)?
7
Let h = 11 + -18. Let x(k) = k**2 + 7*k + 1. Let b be x(h). Let q(p) = 3*p**3 - b + 4*p - 2*p**3 + 4*p**2 + 4. Determine q(-3).
0
Let j be 3/(-15) + (-93)/(-15). Suppose -6*s - 15 = -s. Let a(y) = y + 7. Let m(o) = -2*o - 8. Let g(n) = s*a(n) - 2*m(n). Give g(j).
1
Let d(m) = -1. Let k(o) = -3*o - 7. Let p(z) = -4*d(z) + k(z). Let u be p(-2). Let s(n) = 3*n - n + 3*n - n + u. What is s(-2)?
-5
Let y(a) = -a + 1. Let n(r) = -r**2 - 2*r + 11. Let d(j) = n(j) - 6*y(j). Give d(6).
-7
Suppose 5*b + 